NOAA-Style Climate Reports: Lisbon, NH


Report for 2004 August
                  MONTHLY CLIMATOLOGICAL SUMMARY FOR 8/2004
                                        HEAT  COOL        
     MEAN                               DEG   DEG       WIND SPEED       DOM MEAN  MEAN
DAY  TEMP  HIGH   TIME     LOW   TIME   DAYS  DAYS RAIN AVG  HI  TIME    DIR BAROM HUM
---------------------------------------------------------------------------------------
1    72.9  82.5    15:19  66.6    23:46    0   10  0.18   1  13    13:50 WSW 29.96   89
2    70.0  81.6    13:35  59.8     5:15    0    7  0.00   0  10    13:19  SW 29.96   78
3    67.0  81.8    12:26  56.7     5:25    2    6  0.49   1  17    14:16 ENE 29.82   86
4    65.6  75.2    13:50  53.1     5:39    1    4  0.00   0   7    11:56 ENE 29.77   82
5    59.9  72.2    12:38  49.7     5:37    5    2  0.00   1  14    16:27 ENE 29.81   75
6    54.1  63.5    13:04  44.7     5:47    9    0  0.00   1  11    10:24 ENE 29.89   81
7    57.8  69.1    15:29  49.6     5:50    6    1  0.00   1  16    12:16 ENE 29.87   84
8    57.9  70.5    14:04  50.5     6:03    6    1  0.05   0  10    15:41  SW 29.97   87
9    61.4  77.6    15:51  47.9     6:36    6    4  0.00   1  12    12:08 WSW 30.02   76
10   65.7  80.2    14:33  48.8     5:36    4    7  0.01   2  21    13:11 WSW 29.94   75
11   68.3  78.5    16:11  62.8    23:51    0    5  0.37   2  19    17:36 WSW 29.86   90
12   67.3  76.5    12:41  61.7     2:28    0    5  0.13   1  17    14:19 WSW 30.16   93
13   67.9  74.3    16:22  63.5     7:59    0    5  0.13   0  13    16:18 ENE 31.39   98
14   66.1  74.5    14:22  58.2     6:51    1    4  0.00   0  11    13:08 ENE 31.57   82
15   64.4  75.9    14:38  56.0     4:41    2    4  0.00   0   7    14:33 ENE 31.75   83
16   62.3  70.5    14:43  58.2    23:45    2    1  0.76   0   8    13:02 WSW 31.70   95
17   64.2  76.1    15:32  55.8    23:54    2    3  0.00   0   7    12:12 ENE 31.58   84
18   63.9  76.8    15:15  53.3     5:17    3    4  0.00   1  14    14:54 WSW 31.46   85
19   67.8  76.5    13:28  58.1     6:12    1    6  0.00   1  22    13:25 WSW 31.34   87
20   63.7  73.1    17:19  58.4     4:19    2    2  0.01   1  14    15:21 WSW 31.44   93
21   58.1  62.3    17:57  48.4    23:49    5    0  1.05   0   7    13:25 ENE 31.34   99
22   55.1  70.5    15:08  43.2     6:56    9    1  0.00   1  12    15:11 ENE 31.55   82
23   58.8  75.4    13:35  45.1     5:17    7    3  0.07   1  16    10:49 WSW 31.45   89
24   55.5  69.8    15:01  43.7     5:17    9    1  0.00   1  11    12:47 ENE 31.73   79
25   57.5  75.2    15:27  43.4     3:54    9    3  0.01   1  14    16:44 WSW 31.84   82
26   62.9  76.1    16:50  49.1     6:23    4    4  0.00   1  19    16:16 WSW 31.73   83
27   65.8  79.1    15:10  53.3     6:17    3    6  0.00   1  16    11:47 WSW 31.54   89
28   73.1  84.5    15:17  64.3     6:22    0   10  0.00   1  11    10:08 WSW 31.34   87
29   73.6  83.9    14:53  65.8    23:56    0   10  1.24   1  19    15:19 WSW 31.36   88
30   70.6  80.4    15:49  64.9     4:51    0    8  2.03   1  16    19:40  SW 31.45   94
31   65.9  73.8    14:07  55.0    10:06    1    4  0.15   1  12    11:47 ENE 31.45   89
---------------------------------------------------------------------------------------
TOT  64.0  84.5  8/28/04  43.2  8/22/04  100  131  6.80   1  22  8/19/04 WSW 30.90   86

HEAT BASE: 65.0
COOL BASE: 65.0