NOAA-Style Climate Reports: Lisbon, NH


Report for 2004 July
                  MONTHLY CLIMATOLOGICAL SUMMARY FOR 7/2004
                                        HEAT  COOL        
     MEAN                               DEG   DEG       WIND SPEED       DOM MEAN  MEAN
DAY  TEMP  HIGH   TIME     LOW   TIME   DAYS  DAYS RAIN AVG  HI  TIME    DIR BAROM HUM
---------------------------------------------------------------------------------------
1    66.1  82.0    14:40  49.1     5:54    4    6  0.19   0  14    14:34   W 30.08   78
2    68.4  79.9    14:11  57.2    23:55    2    5  0.08   1  13     0:19 WSW 29.98   74
3    66.1  80.5    15:21  51.1     5:46    4    5  0.00   1  17    12:24   E 30.01   68
4    69.1  83.2    13:51  50.7     0:00    4    8  0.00   1  18    14:15   W 30.00   66
5    67.9  73.7    16:46  63.4     5:06    0    3  0.13   0  16     9:17   W 29.84   85
6    67.8  75.8    13:37  56.7    23:59    1    3  0.01   1  12    12:55   E 29.86   79
7    67.4  83.2    15:05  50.4     6:30    4    7  0.00   1  16    23:41 WSW 29.88   69
8    67.7  72.7    16:09  64.0     5:40    0    3  0.41   0  18     0:26   W 29.82   93
9    64.9  73.0    16:31  57.6     5:10    2    1  0.27   0   7    15:01 WSW 29.89   93
10   64.9  76.8    15:47  57.2     0:58    3    3  0.01   0  10    15:54 WSW 30.01   87
11   67.0  80.7    15:01  55.3     6:14    3    5  0.00   0  10    15:09   E 30.12   76
12   68.5  81.4    14:43  57.8     5:15    2    6  0.00   2  22    13:10   W 30.07   77
13   66.4  75.3    14:01  58.6     4:25    1    3  0.00   2  24    12:44   W 29.95   76
14   66.9  74.4    17:18  62.1     5:56    1    2  0.00   0  16    11:00 WSW 29.73   81
15   66.5  74.6    18:00  61.0     5:14    1    2  0.07   1  14    16:36 WSW 29.53   90
16   67.2  75.1    15:39  58.6     2:36    2    4  0.02   2  17    15:39 WSW 29.61   85
17   70.9  82.2    15:56  63.5     2:36    0    6  0.00   0   7     8:50 WSW 29.80   82
18   68.1  81.2    11:15  59.3     5:13    1    4  0.36   1  12    13:07 ENE 29.95   91
19   69.5  77.4    16:09  63.7     5:57    0    5  0.06   0   7    11:18 ENE 29.81   92
20   70.5  82.8    15:33  59.0     3:47    0    6  0.00   0  11    14:16  SW 29.84   84
21   71.7  86.1    14:45  60.5     6:08    1    8  0.00   0  10    13:36  SW 29.93   80
22   74.2  86.7    14:58  57.4     5:54    1   10  0.00   1  21    17:01 WSW 29.87   76
23   71.1  75.1     0:09  66.6    23:57    0    6  0.59   0  16    14:16 WSW 29.88   96
24   64.2  69.9    15:14  54.1    23:52    2    1  0.01   2  14     9:56 ENE 30.21   76
25   60.8  72.1    16:10  49.9     6:34    6    2  0.00   0   7    16:21 ENE 30.32   81
26   66.1  79.4    14:50  53.7     4:11    3    5  0.00   1   7     8:10 ENE 30.18   75
27   61.4  70.0    11:32  56.4    23:48    2    1  0.23   0  10    12:53 WSW 30.11   96
28   60.9  67.1    14:37  54.7     4:23    3    1  0.06   1   8    15:05 WSW 30.01   94
29   68.4  79.2    14:53  58.9    23:58    0    6  0.00   0   7    12:49 WSW 30.03   82
30   68.4  81.6    13:51  55.5     5:32    2    8  0.00   1  16    14:54 WSW 30.09   81
31   73.0  80.8    15:55  67.4     0:00    0   10  0.24   2  25    12:26 WSW 29.97   88
---------------------------------------------------------------------------------------
TOT  67.5  86.7  7/22/04  49.1   7/1/04   56  144  2.74   1  25  7/31/04 WSW 29.95   82

HEAT BASE: 65.0
COOL BASE: 65.0