NOAA-Style Climate Reports: Lisbon, NH


Report for 2004 June
                  MONTHLY CLIMATOLOGICAL SUMMARY FOR 6/2004
                                        HEAT  COOL        
     MEAN                               DEG   DEG       WIND SPEED       DOM MEAN  MEAN
DAY  TEMP  HIGH   TIME     LOW   TIME   DAYS  DAYS RAIN AVG  HI  TIME    DIR BAROM HUM
---------------------------------------------------------------------------------------
1    49.1  56.6     0:00  45.5     5:56   16    0  0.38   1  18    20:36   W 29.72   82
2    53.3  68.3    15:06  45.4    23:53   12    0  0.30   1  12    16:31   E 29.77   89
3    51.3  65.3    14:11  42.1     0:00   14    0  0.06   0  12    17:32 WSW 29.96   87
4    54.4  69.9    14:25  40.5     5:34   11    1  0.00   0  11    13:58   E 30.20   71
5    57.9  76.7    14:10  38.8     5:02   10    3  0.00   1  16    17:04   W 30.21   63
6    59.6  70.4    12:02  49.8     5:23    6    1  0.00   2  22    15:42   W 30.15   57
7    63.4  77.7    15:48  52.5     5:00    5    3  0.00   0  11    11:43 WSW 30.07   62
8    68.7  85.5    14:10  49.5     4:48    4    8  0.00   1  13    15:42 WSW 30.07   69
9    72.2  90.7    12:52  60.9     5:18    1    8  0.13   1  12    16:01   W 29.86   81
10   59.6  69.1    14:27  45.4    23:57    6    0  0.00   1  14    12:28   E 29.92   64
11   53.0  67.8    15:20  37.5     5:30   12    0  0.00   1  16     8:51   E 29.98   62
12   54.7  70.3    14:03  36.8     5:23   11    1  0.00   1  16    12:35   E 30.12   62
13   61.6  76.8    13:48  40.1     5:09    8    4  0.00   2  17    17:29   W 30.12   61
14   66.8  77.4    18:22  60.5     5:09    1    3  0.00   1  19    15:10   W 29.93   67
15   70.2  83.4    14:36  59.9     3:19    1    7  0.07   0  11    13:36   W 29.90   74
16   67.9  81.4    15:49  55.9     5:17    3    5  0.00   1  12    12:50   E 30.10   66
17   68.0  82.4    12:24  55.3     5:17    3    6  0.00   1  12    16:26 WSW 30.01   67
18   72.3  84.3    12:08  60.5     5:49    1    8  0.00   1  17    16:33   E 29.88   67
19   66.1  76.1    14:55  52.9     3:50    1    2  0.09   1  14    14:10 WSW 29.77   76
20   56.7  70.1    14:50  40.5     5:24    9    1  0.00   1  12    10:54   E 29.91   57
21   60.9  75.3    13:01  42.2     5:21    7    3  0.00   1  13    13:11   W 29.88   63
22   57.8  63.7    13:51  51.1     5:21    7    0  0.17   0   5     9:33 WSW 29.80   97
23   66.5  76.5    14:49  53.5     5:06    2    4  0.01   0  12    13:34   E 29.87   73
24   66.5  80.7    15:36  47.9     5:24    5    6  0.00   2  19    17:15   W 30.01   65
25   62.4  70.8     0:00  55.4     5:24    3    1  0.05   1  12     2:11   E 30.05   77
26   59.3  71.8    15:19  49.1    23:59    7    1  0.18   0  12    18:51 WSW 29.89   85
27   58.5  71.5    14:06  44.5     5:50    8    2  0.00   1  13     9:29 WSW 29.93   72
28   61.3  72.5    14:16  49.1     5:21    5    2  0.00   1  10    10:42 WSW 30.00   71
29   62.9  73.2    13:54  54.5     6:25    4    2  0.39   0  13    16:33 WSW 29.99   76
30   63.7  76.3    15:34  52.9     6:25    4    3  0.04   0  11    11:50 WSW 30.07   75
---------------------------------------------------------------------------------------
TOT  61.5  90.7   6/9/04  36.8  6/12/04  187   84  1.87   1  22   6/6/04   W 29.97   71

HEAT BASE: 65.0
COOL BASE: 65.0