NOAA-Style Climate Reports: Lisbon, NH


Report for 2004 May
                  MONTHLY CLIMATOLOGICAL SUMMARY FOR 5/2004
                                        HEAT  COOL        
     MEAN                               DEG   DEG       WIND SPEED       DOM MEAN  MEAN
DAY  TEMP  HIGH   TIME     LOW   TIME   DAYS  DAYS RAIN AVG  HI  TIME    DIR BAROM HUM
---------------------------------------------------------------------------------------
1    67.1  82.2    15:38  49.2     5:40    4    6  0.00   2  20    13:09   W 29.98   61
2    66.8  76.7    14:43  53.3     6:00    3    4  0.00   4  31    13:57   W 29.86   75
3    56.8  69.6     2:29  42.6    23:29    9    1  0.29   2  21     0:46   E 29.84   85
4    37.9  47.4    18:10  30.3    23:51   26    0  0.62   0  11    14:26   E 29.89   86
5    41.9  56.5    12:31  27.2     5:47   23    0  0.04   1  18    12:09   W 29.96   85
6    54.2  67.6    16:36  39.6     4:41   11    0  0.00   2  19    15:57   W 29.98   71
7    54.8  67.6    10:42  39.1    23:59   10    0  0.00   2  21    18:21   E 30.00   53
8    45.2  57.8    15:22  28.1     5:34   20    0  0.00   1  18     9:18   E 30.34   42
9    53.1  70.3    16:21  44.9     1:12   16    1  0.00   1  13    12:24   W 30.13   58
10   50.2  63.4    12:54  37.8     5:19   14    0  0.04   0  13    12:17   E 30.12   75
11   61.5  80.1    15:39  45.8     5:19    8    4  0.03   1  12    12:26   E 30.04   75
12   61.8  85.7    15:45  43.3     4:55   10    6  0.00   0  13    13:30   W 30.14   67
13   65.3  77.2    14:28  53.1     5:49    3    3  0.00   2  18    16:26   W 30.21   56
14   67.0  84.9    16:16  48.9     1:12    5    7  0.00   2  19    14:58   W 30.15   55
15   70.1  86.1    15:12  59.3     5:31    1    6  0.37   1  17    14:53   W 30.00   83
16   59.5  66.9    16:34  51.0    23:55    6    0  0.04   0  11    16:27   E 30.22   82
17   61.3  75.1    14:06  46.2     6:43    7    3  0.00   1  16    15:20   E 30.36   66
18   56.9  63.4     0:00  52.5     5:30    3    0  0.11   1  10     3:50   E 30.03   94
19   60.0  69.8    15:12  45.5    23:54    6    1  0.11   1  13    12:50   E 30.12   66
20   59.9  74.4    13:58  39.6     6:06    8    3  0.07   3  28    20:45   W 30.16   59
21   60.5  73.2    14:15  50.8    23:45    6    2  0.04   1  11    12:36   E 30.03   72
22   49.5  51.1    16:16  47.1    11:46   16    0  0.37   0   6     1:41 WSW 30.03   92
23   52.6  59.9    16:31  47.0     1:37   12    0  0.45   0   7    14:08   E 29.89   96
24   56.7  62.9    10:24  52.3    23:58    8    0  1.07   1  21    11:42   W 29.83   93
25   54.3  62.4    14:07  50.2    23:31   11    0  0.02   1  17    23:31 WSW 29.89   89
26   50.0  53.6    16:18  46.4     5:11   15    0  0.01   1  17     0:14   W 29.83   87
27   59.3  73.3    15:32  49.2     2:29    7    2  0.00   1  12    15:59 WSW 29.73   77
28   56.6  65.5    13:06  45.8     0:21    8    0  0.37   1  19    13:40   W 29.60   93
29   48.7  57.0    16:29  41.3     3:32   16    0  0.00   1  16    10:35   W 29.86   64
30   51.3  64.2    14:42  35.3     5:35   14    0  0.00   1  16    11:27   E 29.93   62
31   55.1  72.8    15:12  33.1     5:35   11    2  0.00   1  20    23:36   W 29.83   55
---------------------------------------------------------------------------------------
TOT  56.3  86.1  5/15/04  27.2   5/5/04  318   52  4.59   1  31   5/2/04   W 29.98   74

HEAT BASE: 65.0
COOL BASE: 65.0