NOAA-Style Climate Reports: Lisbon, NH


Report for 2004 April
                  MONTHLY CLIMATOLOGICAL SUMMARY FOR 4/2004
                                        HEAT  COOL        
     MEAN                               DEG   DEG       WIND SPEED       DOM MEAN  MEAN
DAY  TEMP  HIGH   TIME     LOW   TIME   DAYS  DAYS RAIN AVG  HI  TIME    DIR BAROM HUM
---------------------------------------------------------------------------------------
1    41.5  49.2    12:50  34.1     5:12   24    0  0.17   2  21    22:33   E 29.92   88
2    36.8  43.6     0:00  33.3    23:53   28    0  0.43   1  17     4:07  NE 29.85   93
3    38.3  46.7    14:47  32.7     4:31   27    0  0.00   0   8    14:57 WSW 29.66   94
4    37.7  44.3    12:26  30.3    23:51   26    0  0.15   1  14    21:46 WSW 29.41   97
5    22.7  30.3     0:00  19.9     2:41   41    0  0.02   2  21     1:24   E 29.58   74
6    27.7  37.1    14:14  20.4     6:47   38    0  0.00   2  19     5:51   E 29.72   54
7    34.6  50.1    15:33  22.3     6:21   30    0  0.00   1  14    16:11   W 29.68   55
8    36.6  53.7    15:30  19.9     5:15   28    0  0.00   1  16    13:39 WSW 29.68   56
9    35.4  49.8    14:25  25.4     5:15   30    0  0.00   1  16    12:08   W 29.76   60
10   32.9  45.1    16:04  23.3     6:12   32    0  0.00   1  16    10:04   E 29.92   63
11   32.6  44.5    16:37  22.5     5:59   32    0  0.00   1   8    12:27   E 30.15   63
12   38.1  54.1    15:24  21.0     6:04   26    0  0.00   1   8    11:09   E 30.31   56
13   40.1  47.3    22:50  35.2     5:16   25    0  0.75   1  14    21:30 WSW 30.04   94
14   45.4  50.7    10:08  39.5     2:25   19    0  0.06   1  12    17:09   E 29.75  100
15   42.5  52.2    13:13  30.9     6:26   23    0  0.00   2  22     9:59  NE 30.06   58
16   39.9  56.7    15:26  23.9     6:12   25    0  0.00   1  16    12:15   E 30.27   50
17   46.3  69.8    14:32  27.5     3:49   19    0  0.04   1  17    15:42   W 30.16   69
18   53.4  63.7    15:40  40.3     6:24   12    0  0.02   0  11    23:07   E 30.31   71
19   66.6  83.8    15:49  47.6     1:05    5    7  0.03   4  27    15:43   W 29.83   46
20   46.9  61.3     0:16  33.1     1:05   18    0  0.02   2  20     3:05   E 30.04   61
21   45.1  59.2    16:14  27.8     1:25   20    0  0.00   3  24    20:41   W 30.14   57
22   58.3  74.0    15:07  49.1    23:14    8    2  0.00   3  18     1:33 WNW 29.98   59
23   48.1  58.4    14:56  39.9    22:32   17    0  0.00   2  16    16:00   W 30.15   62
24   45.6  54.1    15:19  35.3     6:59   19    0  0.05   2  24    16:25 WNW 30.10   55
25   33.5  54.7    14:29  27.6     6:59   12    0  0.05   1  12     2:21  NE 30.33   48
26   43.9  48.5    15:39  39.8     0:00   21    0  0.31   2  17     2:34   W 29.94   89
27   50.6  62.4    13:28  38.3    23:59   14    0  0.00   1  18    13:01   W 29.66   72
28   39.5  48.6    14:08  30.1    23:54   24    0  0.01   1  16    13:49 WNW 29.98   67
29   53.5  77.4    18:03  28.5     1:29   15    3  0.02   3  26    14:14   W 30.16   53
30   64.2  82.8    16:39  44.2     0:20    7    6  0.00   2  19    14:20   W 30.09   55
---------------------------------------------------------------------------------------
TOT  42.8  83.8  4/19/04  19.9   4/5/04  664   18  2.13   2  27  4/19/04   E 29.95   68

HEAT BASE: 65.0
COOL BASE: 65.0