NOAA-Style Climate Reports: Lisbon, NH


Report for 2004 March
                  MONTHLY CLIMATOLOGICAL SUMMARY FOR 3/2004
                                        HEAT  COOL        
     MEAN                               DEG   DEG       WIND SPEED       DOM MEAN  MEAN
DAY  TEMP  HIGH   TIME     LOW   TIME   DAYS  DAYS RAIN AVG  HI  TIME    DIR BAROM HUM
---------------------------------------------------------------------------------------
1    35.3  54.2    15:29  22.3     7:00   28    0  0.00   0   8    11:55 WNW 30.22   71
2    36.7  48.8    14:06  28.8     0:00   28    0  0.01   1  11    17:19   N 29.93   82
3    34.7  40.0     1:17  24.7    23:54   30    0  0.01   1  14    11:22  SE 30.12   76
4    32.6  40.8    13:40  24.8     0:00   32    0  0.00   0  10    13:58 WNW 30.17   83
5    37.1  41.8    15:29  33.4     6:57   28    0  0.14   1  20    15:40  NW 30.02   95
6    36.3  46.6    15:13  28.2    23:36   29    0  0.01   0  10    16:49   E 29.53   92
7    28.6  35.7    15:57  25.0     6:17   36    0  0.00   1  13     8:44   E 29.88   62
8    27.7  34.4    14:33  21.9     6:17   37    0  0.00   0   8    12:50   E 29.85   78
9    29.2  32.8    12:28  26.3    22:39   36    0  0.00   1  10    12:17   W 30.11   81
10   30.8  42.0    15:17  21.4    22:37   34    0  0.00   0  10    11:13 WSW 30.38   74
11   29.4  49.5    15:10  15.9     5:39   34    0  0.00   0   8    12:57   E 30.05   67
12   30.4  39.4    14:00  24.5     0:00   35    0  0.00   1  13    21:57   E 29.68   74
13   23.2  29.3     0:00  14.5    23:58   42    0  0.00   2  18     1:20   E 30.16   55
14   25.4  40.4    15:16   6.5     6:36   40    0  0.00   2  19    21:24   E 30.32   47
15   33.2  39.4    14:31  28.1    23:42   30    0  0.00   2  19    15:22   W 30.04   62
16   23.7  28.1     0:00  18.8     6:01   41    0  0.00   1  13     7:32   E 30.26   46
17   23.1  30.3    13:50  16.4     6:11   42    0  0.10   1  11     9:47   E 30.06   73
18   24.7  31.6    12:40  17.8     6:40   40    0  0.00   1  11    11:56   E 30.16   72
19   27.7  36.1    11:18  18.9    23:57   37    0  0.00   1  11    13:17   E 30.35   75
20   24.4  33.3    12:24  11.1     6:14   41    0  0.08   1  20    13:08   W 30.18   79
21   29.2  37.3    10:21  16.7    23:59   36    0  0.15   1  16    17:37 WSW 29.66   89
22   11.9  18.6    14:05   2.7    23:59   53    0  0.00   1  17    12:14   W 30.13   50
23   21.2  32.4    17:25  -1.6     4:21   47    0  0.10   3  22    11:03   W 30.26   68
24   26.4  43.2    16:14   5.9     3:03   39    0  0.00   1  12    13:05   W 30.49   69
25   33.5  45.2    12:02  26.3     0:00   31    0  0.17   0   8    13:13  NW 30.51   88
26   41.5  62.7    15:10  32.4     5:17   24    0  0.11   0  13    15:57 WSW 30.37   91
27   40.2  47.3    11:33  34.7     6:56   25    0  0.10   1  14    12:59   E 30.25   96
28   38.3  55.6    14:33  25.3     6:56   26    0  0.00   1  10    12:58   E 30.49   71
29   36.4  54.8    14:14  21.7     5:30   28    0  0.00   2  14    14:02   W 30.47   60
30   36.4  54.4    14:19  21.4     5:51   29    0  0.00   1  13    11:46   W 30.26   59
31   33.7  39.4    13:25  25.3     2:18   31    0  0.26   0   7    15:22   E 30.07   94
---------------------------------------------------------------------------------------
TOT  31.4  62.7  3/26/04  -1.6  3/23/04 1070    0  1.24   1  22  3/23/04   E 30.19   74

HEAT BASE: 65.0
COOL BASE: 65.0