NOAA-Style Climate Reports: Lisbon, NH


Report for 2004 February
                  MONTHLY CLIMATOLOGICAL SUMMARY FOR 2/2004
                                        HEAT  COOL        
     MEAN                               DEG   DEG       WIND SPEED       DOM MEAN  MEAN
DAY  TEMP  HIGH   TIME     LOW   TIME   DAYS  DAYS RAIN AVG  HI  TIME    DIR BAROM HUM
---------------------------------------------------------------------------------------
1    11.1  22.6    16:04  -3.3     1:51   53    0  0.00   0  11    13:36 ESE 30.25   69
2    21.3  33.0    15:57   6.7    23:53   43    0  0.00   0  10    10:13 ESE 30.50   70
3    16.6  32.4    14:28  -1.0     7:12   48    0  0.13   1  14    13:02 WNW 30.25   74
4    26.3  34.7    12:22  15.8    21:28   39    0  0.13   1  13    11:04 WNW 30.00   78
5    18.2  24.2    13:50  12.3     8:00   47    0  0.00   1  17     8:33  SE 30.51   59
6    17.2  22.6    22:29  12.4     0:04   46    0  0.27   0   7     7:12 ESE 30.20   83
7    23.5  30.6    14:54  15.5    23:56   41    0  0.02   0  11    18:16 WNW 29.59   92
8     5.8  15.8    15:45  -6.8    23:53   60    0  0.00   1  13     1:28   N 30.16   57
9    12.6  34.5    14:20 -10.2     4:39   51    0  0.00   1  13    19:25  NW 30.19   64
10   30.0  37.8    14:18  18.0    22:37   34    0  0.00   1  14    11:51  NW 29.86   71
11   18.6  27.8    10:16   2.2    19:38   45    0  0.00   1  17    13:10   N 29.98   71
12    8.9  28.2    15:49  -8.4     6:16   56    0  0.00   0   6    14:35   W 30.23   67
13   23.7  34.5    14:02  13.2     7:04   41    0  0.00   2  19    14:41  NW 29.82   64
14   21.0  35.1    13:06   9.1     7:04   44    0  0.00   1  14     8:56 WNW 29.78   64
15   -1.0  10.4     0:00 -13.7    23:02   63    0  0.00   1  17    11:26  SE 30.36   46
16   -3.1  19.4    14:25 -22.1     7:02   60    0  0.00   1  12    17:00 ESE 30.68   51
17    4.2  21.7    15:28 -14.7     0:00   61    0  0.00   1  11    13:07 WNW 30.67   54
18   13.7  37.0    15:38  -4.3     7:19   50    0  0.00   0  10    12:37  SE 30.25   59
19   15.3  32.1    14:52   1.0     2:52   49    0  0.00   1  17    12:36  SE 29.89   68
20   21.4  37.0    14:02   2.5     2:52   44    0  0.03   0   7    10:48  SE 29.95   71
21   31.6  34.7    14:29  27.2     1:35   33    0  0.00   1  20     3:59  NW 29.59   84
22   28.7  32.8    11:52  24.5    23:59   36    0  0.00   1  13    15:45  SE 29.89   87
23   23.6  34.1    14:16   7.7    23:50   75    0  0.00   1  12    10:50  SE 30.19   62
24   13.8  32.4    13:56  -3.3     7:04   51    0  0.00   1  14    12:09  SE 30.12   56
25   12.9  32.7    14:40  -4.7     7:06   51    0  0.00   1  17    11:40  SE 30.18   56
26   13.4  31.8    14:50  -4.1     7:06   52    0  0.00   1  16     9:38  SE 30.42   49
27   15.5  37.0    15:19  -3.5     7:04   47    0  0.00   1  12    11:17  SE 30.40   49
28   22.1  43.3    14:49   2.5     1:44   43    0  0.00   1  16    14:34  SE 30.27   59
29   27.3  46.6    14:28  10.3     5:29   38    0  0.00   0   6    12:29 WNW 30.15   71
---------------------------------------------------------------------------------------
TOT  17.1  46.6  2/29/04 -22.1  2/16/04 1400    0  0.58   1  20  2/21/04  SE 30.15   66

HEAT BASE: 65.0
COOL BASE: 65.0