NOAA-Style Climate Reports: Lisbon, NH


Report for 2021 September
                  MONTHLY CLIMATOLOGICAL SUMMARY FOR 9/2021
                                        HEAT  COOL        
     MEAN                               DEG   DEG       WIND SPEED       DOM MEAN  MEAN
DAY  TEMP  HIGH   TIME     LOW   TIME   DAYS  DAYS RAIN AVG  HI  TIME    DIR BAROM HUM
---------------------------------------------------------------------------------------
1    61.9  70.4    14:34  54.2     5:28    4    1  0.00   1   8    12:52 ENE 29.80   88
2    62.4  70.8    14:12  55.7     7:09    4    1  0.01   1  12    10:00 ENE 29.78   81
3    61.3  68.1    17:07  56.7    23:20    4    1  0.00   0  12    10:28 ENE 29.93   85
4    62.6  74.4    14:13  52.3    23:52    5    3  0.00   1  16    10:12  SW 29.90   79
5    60.4  71.6    15:29  50.4     2:52    6    1  0.01   0  14    14:33 ENE 29.78   90
6    64.4  76.8    13:20  54.8    23:16    2    2  0.39   1  14    13:32  SW 29.68   94
7    60.6  73.3    13:01  53.1     4:27    6    2  0.01   0  12    13:19 SSW 29.85   88
8    66.2  80.9    14:55  50.8     6:40    5    6  0.78   1  21    15:46  SW 29.76   83
9    66.9  70.4    14:19  64.5    23:50    0    2  0.07   0   3     1:09  SW 29.72   97
10   60.7  65.0     9:01  49.5    23:48    4    0  0.00   1  11    12:28 ENE 29.78   91
11   57.2  71.5    12:50  46.0     7:14    9    1  0.00   0  11    12:53 SSW 30.02   88
12   62.3  75.3    13:53  51.1     4:43    5    3  0.01   1  17    10:37  SW 29.89   90
13   61.9  73.5    12:26  52.0    23:54    5    2  0.01   0  11    12:09 ENE 29.95   82
14   61.7  73.5    14:04  48.9     6:21    6    2  0.00   0  12    23:49  SW 30.00   82
15   70.0  82.4    13:37  64.3    23:55    0    5  0.46   1  21    10:57  SW 29.85   89
16   63.9  74.2    13:59  57.5     7:15    3    2  0.00   1  11    11:03  NE 30.19   87
17   64.5  74.9    13:06  55.7     2:27    3    3  0.00   1   8    11:17  NE 30.24   91
18   68.3  80.5    13:37  53.9    23:55    1    4  0.23   1  12    16:55  NE 30.02   90
19   57.6  70.9    14:22  48.6    23:41    9    1  0.00   1  10    11:54 ENE 30.14   83
20   51.2  71.6    12:52  45.4     7:34    8    0  0.00   1   7    11:19 ENE 30.31   93
---------------------------------------------------------------------------------------
TOT  62.6  82.4  9/15/21  45.4  9/20/21   89   42  1.98   1  21   9/8/21 ENE 29.92   87

HEAT BASE: 65.0
COOL BASE: 65.0