NOAA-Style Climate Reports: Lisbon, NH


Report for 2021 November
                  MONTHLY CLIMATOLOGICAL SUMMARY FOR 11/2021
                                        HEAT  COOL        
     MEAN                               DEG   DEG       WIND SPEED       DOM MEAN  MEAN
DAY  TEMP  HIGH   TIME     LOW   TIME   DAYS  DAYS RAIN AVG  HI  TIME    DIR BAROM HUM
---------------------------------------------------------------------------------------
1    48.6  55.6    11:15  37.2    21:36   16    0  0.03   1  16    12:30  NW 29.83   77
2    38.0  50.5    14:49  30.3    23:36   27    0  0.00   1  17    15:51  SW 30.09   87
3    33.3  43.8    13:36  27.5     7:24   32    0  0.00   1  11    16:02 ENE 30.17   95
4    32.5  41.2    14:52  27.3    23:49   33    0  0.01   1   6    13:06 ENE 30.31   95
5    32.3  45.7    13:32  23.9     7:02   33    0  0.00   1   8    13:16 SSW 30.33   84
6    32.6  50.2    14:34  22.9     7:39   32    0  0.00   1   7    12:33  NW 30.34   84
7    33.5  52.9    13:56  22.9     6:45   31    0  0.00   1   7    11:42 SSW 30.17   84
8    36.2  52.0    14:44  26.7     3:44   29    0  0.00   0   5    11:40  SW 30.13   89
9    42.4  60.4    14:29  29.3     3:12   22    0  0.01   1   6    10:20 SSW 30.03   90
10   43.3  54.4    13:17  29.5    23:34   22    0  0.35   0  12    13:58  NW 30.02   90
11   37.9  51.9    13:51  26.3     6:45   27    0  0.00   1  20    23:10 SSW 30.29   83
12   49.4  53.2    12:55  41.9    23:46   16    0  0.41   2  27     2:08  SW 29.97   87
13   42.7  55.1    13:33  35.5     6:30   22    0  0.16   1  14    17:32  SW 29.70   91
14   38.5  46.0    12:43  33.2     2:43   26    0  0.05   1  13    12:10  SW 29.74   89
15   38.4  41.3    12:43  34.9    22:34   27    0  0.06   1  11    12:56  SW 29.64   92
16   33.7  40.1    12:05  25.8    23:55   31    0  0.03   1  12    13:30  SW 29.97   82
17   30.4  37.3    23:48  21.3     5:47   35    0  0.00   1   7    12:39 ENE 30.20   88
18   46.0  64.2    13:35  33.4     6:45   19    0  0.34   1  14    13:39 ENE 29.88   91
19   35.2  42.3     0:00  31.3    17:38   30    0  0.04   1  12    12:22  NW 30.06   91
20   32.8  42.5    13:53  25.7     7:11   32    0  0.00   1   7    11:05 ENE 30.41   75
21   37.5  46.7    13:48  29.5     0:00   28    0  0.01   1  20    22:45 ENE 30.16   81
22   40.5  50.8    11:10  25.4    23:36   24    0  0.05   1  17    10:44  SW 29.76   85
23   26.7  30.9    11:33  23.9    23:45   38    0  0.00   2  20    16:31 ENE 29.95   71
24   26.8  37.3    13:26  21.0     7:05   38    0  0.00   1  12    13:02 ENE 30.22   68
25   27.3  35.0    15:08  20.0     6:11   37    0  0.00   0   6    13:54  NE 29.98   82
26   33.4  34.9    11:35  31.6     2:10   32    0  0.25   0   5    19:34  SW 29.50   97
27   29.7  33.4     0:03  26.7     5:40    9    0  0.03   0   8     1:30  NW 29.49   95
---------------------------------------------------------------------------------------
TOT  36.5  64.2 11/18/21  20.0 11/25/21  748    0  1.83   1  26 11/12/21  SW 30.03   86

HEAT BASE: 65.0
COOL BASE: 65.0