NOAA-Style Climate Reports: Lisbon, NH


Report for 2021 July
                  MONTHLY CLIMATOLOGICAL SUMMARY FOR 7/2021
                                        HEAT  COOL        
     MEAN                               DEG   DEG       WIND SPEED       DOM MEAN  MEAN
DAY  TEMP  HIGH   TIME     LOW   TIME   DAYS  DAYS RAIN AVG  HI  TIME    DIR BAROM HUM
---------------------------------------------------------------------------------------
1    70.8  76.3    15:48  64.8    23:42    0    6  0.02   1  10    14:51  NE 29.79   82
2    62.2  64.8     0:00  58.3    23:02    3    0  0.28   1  10    10:45  NE 29.79   97
3    57.6  60.4    13:42  55.7    21:43    7    0  0.29   0   8    13:42 ENE 29.83  100
4    61.1  70.4    16:22  55.9     0:44    5    1  0.07   1  13    19:46  NE 29.86   91
5    65.7  76.3    17:26  56.0     5:40    3    4  0.00   1  12    12:28 ENE 29.97   82
6    72.3  84.0    15:55  61.8     4:27    1    8  0.02   1  11    10:40  SW 29.78   88
7    66.9  76.3    11:40  56.9    23:51    1    3  0.02   1   8    11:43  NE 29.89   87
8    60.4  67.3    14:19  56.0     1:38    5    0  0.14   0   8     5:40  NE 30.00   96
9    67.2  76.7    17:16  59.9     0:00    1    4  0.04   1  12    21:49 ENE 29.83   92
10   67.4  79.0    14:13  55.7     5:10    2    5  0.00   1  12    11:02 ENE 29.95   74
11   66.0  78.6    14:30  52.5     5:04    4    5  0.00   1   8    15:23 SSW 30.04   83
12   70.5  80.5    14:14  64.3     5:42    0    6  0.00   0   8    16:24  SW 30.13   86
13   67.1  73.3    14:51  63.9     5:04    0    2  0.36   1  16    17:27  SW 30.20   94
14   72.3  81.2    14:29  65.2     5:37    0    7  0.06   1  14    10:46  NW 30.06   91
15   74.5  85.5    13:29  66.8    23:57    0   10  0.00   1  14    16:20 SSW 29.98   83
16   74.0  84.3    13:52  66.0     1:09    0    9  0.01   1  13     9:34  SW 29.89   82
17   68.0  73.7    12:03  63.7     5:33    0    3  0.35   0   5     8:29 ENE 30.05   94
18   66.1  70.9    15:18  62.4     2:49    1    2  0.65   0   8    11:21  NE 29.98  100
19   67.7  74.0    16:22  63.5    22:38    0    3  0.47   1  11     9:31  NE 29.90   94
20   70.1  78.8    14:44  62.9     2:18    0    6  0.38   0   8    14:57 SSW 29.82   91
21   65.4  69.1    10:27  58.4    23:54    1    1  0.00   1   8     9:41 ENE 29.83   93
22   64.4  76.7    13:49  54.2     6:41    4    3  0.00   1  13    15:32 ENE 29.98   81
23   65.1  77.0    14:01  55.6     5:44    4    4  0.00   1  17    18:52  NE 30.05   80
24   65.5  81.2    13:50  51.4     5:54    5    5  0.00   1   7    13:48 ENE 30.04   76
25   68.4  78.8    17:37  60.2     2:33    1    5  0.62   1  11     9:50  SW 29.79   93
26   69.8  79.9    13:47  65.5     0:42    0    3  0.01   0   7    11:48  SW 29.80   93
---------------------------------------------------------------------------------------
TOT  67.1  85.5  7/15/21  51.4  7/24/21   48  102  3.79   1  17  7/23/21 ENE 29.93   89

HEAT BASE: 65.0
COOL BASE: 65.0